e the remainder when 14427 is divided by 4806.
9
What is the remainder when 11438 is divided by 1741?
992
What is the remainder when 141612 is divided by 35400?
12
Calculate the remainder when 12263 is divided by 4975.
2313
What is the remainder when 722760 is divided by 175?
10
Calculate the remainder when 199472 is divided by 99.
86
What is the remainder when 744005 is divided by 18?
11
Calculate the remainder when 13768 is divided by 4406.
550
Calculate the remainder when 476185 is divided by 81.
67
What is the remainder when 26845 is divided by 8917?
94
What is the remainder when 60928 is divided by 102?
34
What is the remainder when 3703 is divided by 21?
7
Calculate the remainder when 1367 is divided by 143.
80
What is the remainder when 13067 is divided by 61?
13
Calculate the remainder when 223930 is divided by 557.
16
Calculate the remainder when 283047 is divided by 425.
422
What is the remainder when 352306 is divided by 222?
214
What is the remainder when 88119 is divided by 318?
33
What is the remainder when 10577 is divided by 61?
24
Calculate the remainder when 1014098 is divided by 319.
316
What is the remainder when 311726 is divided by 861?
44
Calculate the remainder when 24184 is divided by 1283.
1090
Calculate the remainder when 44976 is divided by 4.
0
Calculate the remainder when 18362 is divided by 833.
36
Calculate the remainder when 6270 is divided by 30.
0
What is the remainder when 955 is divided by 81?
64
Calculate the remainder when 146408 is divided by 98.
94
What is the remainder when 3431 is divided by 324?
191
What is the remainder when 22370 is divided by 1315?
15
What is the remainder when 70833 is divided by 17?
11
What is the remainder when 21311 is divided by 786?
89
What is the remainder when 38240 is divided by 45?
35
What is the remainder when 934134 is divided by 37?
32
What is the remainder when 468 is divided by 448?
20
What is the remainder when 782 is divided by 92?
46
Calculate the remainder when 9280 is divided by 403.
11
What is the remainder when 5807 is divided by 339?
44
Calculate the remainder when 1676 is divided by 159.
86
Calculate the remainder when 103431 is divided by 4497.
0
What is the remainder when 404030 is divided by 6413?
11
What is the remainder when 92474 is divided by 367?
357
What is the remainder when 22660 is divided by 107?
83
What is the remainder when 628834 is divided by 1596?
10
Calculate the remainder when 149465 is divided by 26.
17
Calculate the remainder when 81841 is divided by 518.
515
What is the remainder when 8090 is divided by 309?
56
Calculate the remainder when 84982 is divided by 1132.
82
Calculate the remainder when 38691 is divided by 11.
4
Calculate the remainder when 2942 is divided by 193.
47
Calculate the remainder when 12299 is divided by 4082.
53
What is the remainder when 176199 is divided by 8009?
1
What is the remainder when 60665 is divided by 316?
309
What is the remainder when 331 is divided by 25?
6
Calculate the remainder when 79294 is divided by 28.
26
Calculate the remainder when 65908 is divided by 22.
18
Calculate the remainder when 6367 is divided by 1528.
255
What is the remainder when 15161 is divided by 7575?
11
What is the remainder when 30764 is divided by 15330?
104
What is the remainder when 352828 is divided by 56?
28
What is the remainder when 1723744 is divided by 250?
244
What is the remainder when 1035 is divided by 23?
0
Calculate the remainder when 438 is divided by 20.
18
Calculate the remainder when 8585 is divided by 541.
470
What is the remainder when 3688 is divided by 373?
331
Calculate the remainder when 6872859 is divided by 2230.
2229
Calculate the remainder when 18105 is divided by 4116.
1641
What is the remainder when 7485 is divided by 832?
829
What is the remainder when 7724 is divided by 157?
31
Calculate the remainder when 293246 is divided by 1275.
1271
Calculate the remainder when 9783 is divided by 1612.
111
Calculate the remainder when 90069 is divided by 44962.
145
Calculate the remainder when 1707320 is divided by 231.
230
What is the remainder when 49388 is divided by 101?
100
What is the remainder when 6475 is divided by 1281?
70
What is the remainder when 9928 is divided by 31?
8
Calculate the remainder when 56455 is divided by 123.
121
Calculate the remainder when 147728 is divided by 73864.
0
Calculate the remainder when 4681 is divided by 401.
270
What is the remainder when 101595 is divided by 123?
120
Calculate the remainder when 154035 is divided by 138.
27
Calculate the remainder when 291634 is divided by 26.
18
Calculate the remainder when 8185 is divided by 1364.
1
Calculate the remainder when 20550 is divided by 790.
10
Calculate the remainder when 842 is divided by 134.
38
Calculate the remainder when 8116 is divided by 4050.
16
What is the remainder when 50059 is divided by 41?
39
What is the remainder when 211 is divided by 169?
42
What is the remainder when 1778701 is divided by 26?
15
What is the remainder when 536 is divided by 176?
8
What is the remainder when 56 is divided by 14?
0
What is the remainder when 3427123 is divided by 703?
701
Calculate the remainder when 2755423 is divided by 16.
15
Calculate the remainder when 70481 is divided by 1678.
5
Calculate the remainder when 33454 is divided by 2753.
418
What is the remainder when 3311 is divided by 129?
86
What is the remainder when 37352 is divided by 4149?
11
What is the remainder when 1553 is divided by 491?
80
What is the remainder when 858 is divided by 266?
60
What is the remainder when 60227 is divided by 260?
167
What is the remainder when 90756 is divided by 2213?
23
Calculate the remainder when 55402 is divided by 750.
652
What is the remainder when 20733 is divided by 391?
10
What is the remainder when 12025 is divided by 5776?
473
What is the remainder when 37385 is divided by 37380?
5
Calculate the remainder when 6185 is divided by 68.
65
Calculate the remainder when 81864 is divided by 202.
54
What is the remainder when 22424 is divided by 7387?
263
What is the remainder when 7240 is divided by 899?
48
Calculate the remainder when 414 is divided by 220.
194
Calculate the remainder when 83385 is divided by 826.
785
What is the remainder when 18306 is divided by 266?
218
What is the remainder when 106654 is divided by 5?
4
Calculate the remainder when 15075 is divided by 899.
691
Calculate the remainder when 27286 is divided by 3894.
28
Calculate the remainder when 153817 is divided by 27.
25
Calculate the remainder when 35389 is divided by 668.
653
What is the remainder when 50228 is divided by 391?
180
What is the remainder when 31356 is divided by 35?
31
Calculate the remainder when 121843 is divided by 883.
872
What is the remainder when 41169 is divided by 145?
134
What is the remainder when 5938 is divided by 21?
16
Calculate the remainder when 45419 is divided by 46.
17
Calculate the remainder when 5727069 is divided by 16.
13
Calculate the remainder when 36384 is divided by 36370.
14
Calculate the remainder when 133177 is divided by 1432.
1
What is the remainder when 26389 is divided by 628?
13
Calculate the remainder when 4428 is divided by 635.
618
What is the remainder when 92284 is divided by 20?
4
What is the remainder when 31755 is divided by 6349?
10
Calculate the remainder when 11907 is divided by 3594.
1125
What is the remainder when 2327 is divided by 2315?
12
What is the remainder when 242631 is divided by 115?
96
What is the remainder when 14092 is divided by 217?
204
What is the remainder when 1506 is divided by 1181?
325
Calculate the remainder when 51299 is divided by 12782.
171
What is the remainder when 6999 is divided by 30?
9
Calculate the remainder when 96708 is divided by 16.
4
Calculate the remainder when 1338 is divided by 23.
4
Calculate the remainder when 148198 is divided by 74059.
80
Calculate the remainder when 1453 is divided by 113.
97
Calculate the remainder when 11465 is divided by 153.
143
Calculate the remainder when 1532 is divided by 289.
87
What is the remainder when 25810 is divided by 375?
310
What is the remainder when 7511 is divided by 582?
527
What is the remainder when 31977 is divided by 463?
30
Calculate the remainder when 3143 is divided by 1016.
95
Wha